he prime factors of b(g).
2, 5
List the prime factors of 2 + (22 - -4) + 0.
2, 7
Let k = -19 - -13. What are the prime factors of (-30)/(-8)*(-24)/k?
3, 5
Suppose -3*w + 0 = 2*p - 22, 2*w - 5*p - 21 = 0. What are the prime factors of 53/4 + (-2)/w?
13
Suppose 2*z + 5 = 19. List the prime factors of z.
7
Let a(m) = m**3 + m**2 - 12*m + 1. List the prime factors of a(5).
7, 13
Suppose k - 1081 = -4*j, -5*j + 0*k + 1350 = k. List the prime factors of j.
269
Let w(s) = 14*s - 1. List the prime factors of w(3).
41
Suppose r + 4*r = 5*w + 20, -20 = 5*w - 4*r. Let i be w/(-8)*(-1 + 1). Suppose 3*x = 27 - i. What are the prime factors of x?
3
Let y be 9/2 - (-2)/(-4). Let s = y + 1. What are the prime factors of s?
5
Let p = 35 + -19. What are the prime factors of p?
2
Let q = -11 + 16. Suppose -q*w - 5*f = -155, 0 = -5*f + 14 + 1. Suppose w = 4*a - 0*a. List the prime factors of a.
7
Suppose i = -4*m + 19, -4*m + 4 = -2*i - 6. Suppose -17 = -3*y - 0*y + 5*r, 20 = m*r. List the prime factors of y.
2, 7
Let z(b) = -b - 7. Let j be z(-3). Let g(t) = -2*t**2 + t - 1. Let q be g(1). Let a = q - j. What are the prime factors of a?
2
Suppose 3*f + b + 5 - 3 = 0, 2*f - b = -8. List the prime factors of -3 + 57/(1 - f).
2
Suppose -5*v - 11 + 41 = 0. What are the prime factors of v?
2, 3
Suppose n - 3 = -0. Suppose n*m - 5*m = -4. Suppose -6*o = -4*i - m*o + 72, 12 = -4*o. List the prime factors of i.
3, 5
What are the prime factors of -2*((-308)/8 + 2)?
73
Let p(t) = -t - 5. Let i be p(-5). Suppose q + 3*q - 24 = i. Let z(u) = 2*u - 1. What are the prime factors of z(q)?
11
What are the prime factors of 1212/42*(4 - -3)?
2, 101
Suppose -4*c - 22 = 5*s, 3*s + 0*s = 2*c. List the prime factors of 99/6*(-2)/c.
11
Suppose -5 = -s, 0 = -2*c - 3*c + s + 155. List the prime factors of c.
2
Let b be 4/10 - 123/(-5). Suppose 5*u - 2*z + b = -55, -u = -5*z + 16. Let m = -10 - u. List the prime factors of m.
2, 3
Let c(a) = -a**3 - 3*a**2 - 2*a - 3. Let p be c(-4). Let i = 29 - p. List the prime factors of i.
2
List the prime factors of ((-60)/(-14))/((-3)/(-147)).
2, 3, 5, 7
Let l(i) = i**2 - 3. Let d be l(0). Let s(g) = -g**2 + 7*g + 1. Let a be s(7). Let t = a - d. List the prime factors of t.
2
Suppose -5*t - 35 = -6*t. What are the prime factors of t?
5, 7
What are the prime factors of 4/((-4)/3) - -9*17?
2, 3, 5
Suppose -2*f + 23 = 3*j, -2*f + 5 = j - 4. List the prime factors of j.
7
What are the prime factors of 50 - 2 - 0/(-2) - 0?
2, 3
Suppose -5*r + 4*v = -83, 2*r - 5*v - 40 = -0*r. Let x = 0 - -3. Suppose -y - x + r = 0. List the prime factors of y.
2, 3
Let b(a) = 4*a + 378. List the prime factors of b(0).
2, 3, 7
Let u be (-2)/(-8) - 66/(-24). Suppose 0 = -4*h + u + 17. Suppose -h*j = 2*l - 29, -j - 103 = -4*l - 34. What are the prime factors of l?
17
Let g(z) = 7*z - 1 + 3 + 7*z**2 + z - z**3. Suppose 8*j = 3*j + 40. What are the prime factors of g(j)?
2
Suppose 2*h - s - 103 = -h, -4*h + 144 = 2*s. List the prime factors of h.
5, 7
Suppose -5*v = -4*k - 105, -k + 76 = 4*v - 8. List the prime factors of v.
3, 7
Suppose -o - 2 = 0, 0*o - 116 = -4*u + 4*o. Suppose -6*a = -28 - 170. Suppose u = 4*d - a. What are the prime factors of d?
3, 5
Suppose 2*g = r - 5, -r - 6 = 5*g + 3. Let q be (-1)/3 - 8/(-6). What are the prime factors of (q - -1) + 10*r?
2, 3
Let a be 4/(((-30)/9)/(-5)). Suppose -4*p + a*p - 2 = 0. List the prime factors of (0 + p)*1 + 10.
11
Let t(r) = 13*r**2 + 2*r - 1. Suppose -4*f = -3*g + 14, 0 = 4*g - 0*f + 5*f + 2. List the prime factors of t(g).
5, 11
Suppose 0 = v - 2*s - 8, -10 - 8 = -2*v + 5*s. Suppose -2*a = -5*z - 0*a + 198, -4*a - 168 = -v*z. What are the prime factors of z?
2, 19
Let x be (24/36)/(1/(-75)). Let v = x - -88. List the prime factors of v.
2, 19
Suppose -6*d + d + 611 = o, 2*d - 247 = -3*o. What are the prime factors of d?
2, 61
Let y(q) = q**2 + 12*q + 2. Let v be y(-11). Suppose 4*u - 4*l = 56, -3*u = 2*l - 0*l - 62. Let k = v + u. What are the prime factors of k?
3
Let r = 16 - 7. Let v = 29 - r. Let f = v + -12. List the prime factors of f.
2
Let t(f) = 2*f - 4. What are the prime factors of t(6)?
2
Let g(d) be the second derivative of -3*d**5/10 - d**4/12 - d**3/3 - 3*d**2/2 + 4*d. What are the prime factors of g(-2)?
3, 5
Let y(z) = 4*z + 4*z + z + 1 - 2*z. Let o be (-2)/(-2 - -3) - -3. What are the prime factors of y(o)?
2
Let w = 11 + -4. Let g = w - 2. What are the prime factors of g?
5
Let n(y) = y**3 + 7*y**2 + y + 9. Let z be n(-7). Suppose -z*b = -b + 30. What are the prime factors of (b/(-9))/(4/6)?
5
Let h(i) = 8*i + 13. List the prime factors of h(8).
7, 11
Let p be ((-6)/(-3))/((-4)/(-2)). List the prime factors of ((-33)/(-9))/(p/3).
11
Suppose 8 - 23 = -5*d. Suppose 3*r - 153 = -d*k, -2*k + 0*r + 90 = -r. Suppose k = 4*o + u, 0 = 2*o + 3*o + 3*u - 64. What are the prime factors of o?
11
Suppose -5*a + 3*j + 622 = 0, -3*a + j = -j - 373. List the prime factors of a.
5
Let p(b) = 2*b**2 - 3*b - 4. Suppose -2 = -3*s + 7. Let j be p(s). Suppose -r - 4*d - 4 - 1 = 0, j*r + 5*d - 35 = 0. What are the prime factors of r?
11
Suppose -3*l = 5 - 26. List the prime factors of l - ((3 - 1) + -3).
2
Suppose 2*q = 3*q. Suppose -2*y = 0, 2*j + q*y - y = 14. Suppose j*l - 20 = 2*l. What are the prime factors of l?
2
Let h be (-33)/5*(-30)/6. Suppose -2*w - w + h = 0. List the prime factors of w.
11
Let p = -6 - -11. Suppose -p*z = -3 + 123. Let c = z - -37. List the prime factors of c.
13
Suppose 4*j = 238 + 854. What are the prime factors of j?
3, 7, 13
Suppose 5*w + v - 452 = 4*v, 4 = 4*v. What are the prime factors of w?
7, 13
Suppose -16 + 7 = -3*k. Suppose -b - 6 = -d, 0 = -d - k*b - 0*b - 6. List the prime factors of 7 + 1 + -2 + d.
3
Suppose 5*g - 25 - 30 = -m, 2*m - 2*g - 62 = 0. List the prime factors of m.
5, 7
Suppose 12*t - 238 = 5*t. What are the prime factors of t?
2, 17
Let b(k) = 9*k**2 + 4*k + 4. List the prime factors of b(-2).
2
Let f = 13 + -4. Suppose x = -f + 43. What are the prime factors of x?
2, 17
Suppose 4*s = -115 + 19. What are the prime factors of (6/8)/((-2)/s)?
3
Suppose 2*v + 43 + 57 = 0. What are the prime factors of (-7)/(-21) + v/(-3)?
17
What are the prime factors of 21 - (3/(-1) + 3)?
3, 7
Suppose 0*b - 8 = -4*b. Let h(g) = -2*g + 3. Let v be h(b). Let n = 5 - v. List the prime factors of n.
2, 3
Let r(z) = z**2 + 7*z - 10. Let j(h) = -2*h**2 - 13*h + 19. Let y(b) = -4*j(b) - 7*r(b). What are the prime factors of y(-8)?
2, 17
Let m be (46/2)/((-2)/(-6)). List the prime factors of m/2 + 1/(-2).
2, 17
Suppose -8*z = y - 3*z - 15, 3*y + 2*z - 71 = 0. Let c be 5/3 + 1/3. Suppose -5*w + y = -i, 4*w - 6 - 20 = c*i. List the prime factors of w.
2
Let g be 2/(-5) + (-39)/15. Let o(h) = -5*h - 1. Let z be o(g). What are the prime factors of 18/63 - (-122)/z?
3
Suppose -2*m - 14 - 10 = 0. Let k = -4 - m. What are the prime factors of k?
2
Let u(l) be the first derivative of l**2/2 - l + 3. What are the prime factors of u(4)?
3
Suppose -5*c + 58 = 8. Let z = c - 5. Suppose -z*s + 86 - 16 = 0. List the prime factors of s.
2, 7
Let q be 3/(-3*1/(-4)). Let b = q - -2. List the prime factors of b.
2, 3
Let j = -1 + 1. Suppose -3 = -j*t - t. Suppose 2*m - t*m = -3. List the prime factors of m.
3
Let f = -332 - -136. List the prime factors of f/(-24) - (-3)/(-18).
2
Let s(d) = -d + 6. Let r = -6 + 10. List the prime factors of s(r).
2
Let d be -6 - 1*2/(-2). Let n = 38 - 26. Let s = n + d. What are the prime factors of s?
7
Suppose 4*a = -4*p + 132, -5*a + 8 + 7 = 0. Let l = -4 + 6. Suppose -z = l*z - p. What are the prime factors of z?
2, 5
Let v(z) = -7*z**2 - 3*z + 2. Let t(u) = -7*u**2 - 2*u + 2. Let c(n) = -5*t(n) + 4*v(n). List the prime factors of c(2).
2, 11
Let c(r) = 11*r. Let z = -5 + 7. Suppose -3*k + 16 = i, 4*i + 7*k - z*k = 29. What are the prime factors of c(i)?
11
Suppose 0*s - 4*s = -476. What are the prime factors of s?
7, 17
Suppose -r - 172 = 3*r. Let h = r - -3. Let g = -28 - h. List the prime factors of g.
2, 3
Let a(o) = -o**2 - 6*o. Let p be a(-4). Let t(z) = 5*z + 8. Let w be t(p). Suppose l + 2*x + 4 = -2*x, 3*x + w = 3*l. List the prime factors of l.
2, 3
Let a(s) = -s**3 + 4*s**2 - 6*s + 5. Let n be a(4). Let l = n + 34. List the prime factors of l.
3, 5
Let l 